{"id":235,"date":"2014-05-24T09:58:29","date_gmt":"2014-05-24T09:58:29","guid":{"rendered":"https:\/\/parafiakepki.org\/?page_id=235"},"modified":"2026-08-29T18:36:52","modified_gmt":"2026-08-29T18:36:52","slug":"ogloszenia","status":"publish","type":"page","link":"https:\/\/parafiakepki.org\/?page_id=235","title":{"rendered":"Og\u0142oszenia"},"content":{"rendered":"\n<h2 class=\"wp-block-heading\">Og\u0142oszenia Parafialne<\/h2>\n\n\n\n<p class=\"wp-block-paragraph\">1. W ostatnim czasie zosta\u0142 profesjonalnie umyty ca\u0142y polbruk wok\u00f3\u0142 ko\u015bcio\u0142a oraz schody wej\u015bciowe do \u015bwi\u0105tyni. Bardzo dzi\u0119kujemy pa\u0144stwu Marcie Lachowskiej i Arkadiuszowi Maczyta za pomoc w zorganizowaniu tych prac oraz w\u0142\u0105czenie si\u0119 w cz\u0119\u015bciowe pokrycie ich koszt\u00f3w.<\/p>\n\n\n\n<p class=\"wp-block-paragraph\">2. W \u015brod\u0119 (9 wrze\u015bnia) na nocleg do naszej parafii tradycyjnie przyb\u0119d\u0105 pielgrzymi \u017bu\u0142awskiej Pielgrzymki Pieszej Mikoszewo &#8211; Gietrzwa\u0142d. Kto chcia\u0142by w jakikolwiek spos\u00f3b w\u0142\u0105czy\u0107 si\u0119 w przygotowanie posi\u0142ku dla pielgrzym\u00f3w proszony jest o skontaktowanie si\u0119 z Pani\u0105 Bo\u017cen\u0105 Szaci\u0142o.<\/p>\n\n\n\n<p class=\"wp-block-paragraph\">3. W tym roku do\u017cynki parafialne prze\u017cywa\u0107 b\u0119dziemy w niedziel\u0119 (13 wrze\u015bnia) na Mszy o godz. 11:00. Zach\u0119camy poszczeg\u00f3lne wioski do przygotowania koszy z plonami ziemi. Na tej Eucharystii zostanie tak\u017ce pob\u0142ogos\u0142awione ziarno na zasiew.<\/p>\n\n\n\n<p class=\"wp-block-paragraph\">4. Zapowiedzi przed\u015blubne: sakramentalny zwi\u0105zek ma\u0142\u017ce\u0144ski maj\u0105 zamiar zawrze\u0107 Marta Lachowska oraz Arkadiusz Maczyta.<\/p>\n\n\n\n<p class=\"wp-block-paragraph\">5. Msze \u015awi\u0119te:<\/p>\n\n\n\n<figure class=\"wp-block-table is-style-regular\"><table><tbody><tr><td>Data<\/td><td>Dzie\u0144<\/td><td>Godz.<\/td><td>Intencja<\/td><\/tr><tr><td>06.09<\/td><td>niedziela<\/td><td>9:00<\/td><td>w int. rodziny Jurgiel<\/td><\/tr><tr><td><\/td><td><\/td><td>11:00<\/td><td>w int. Oliwi z ok. ur.<\/td><\/tr><tr><td><\/td><td><\/td><td><\/td><td><\/td><\/tr><tr><td>13.09<\/td><td>niedziela<\/td><td>9:00<\/td><td>\u015bp. Stanis\u0142awa (2 r. \u015bm.), J\u00f3zef (35 r. \u015bm.) Baran<\/td><\/tr><tr><td><\/td><td><\/td><td>11:00<\/td><td>\u015bp. Jolanta Kizyk; Maria, Micha\u0142 \u0141abanowscy i zm. z rodz.<\/td><\/tr><\/tbody><\/table><\/figure>\n\n\n\n<p class=\"wp-block-paragraph\"><\/p>\n","protected":false},"excerpt":{"rendered":"<p>Og\u0142oszenia Parafialne 1. W ostatnim czasie zosta\u0142 profesjonalnie umyty ca\u0142y polbruk wok\u00f3\u0142 ko\u015bcio\u0142a oraz schody wej\u015bciowe do \u015bwi\u0105tyni. Bardzo dzi\u0119kujemy pa\u0144stwu Marcie Lachowskiej i Arkadiuszowi Maczyta za pomoc w zorganizowaniu tych prac oraz w\u0142\u0105czenie si\u0119 w cz\u0119\u015bciowe pokrycie ich koszt\u00f3w. 2. W \u015brod\u0119 (9 wrze\u015bnia) na nocleg do naszej parafii&hellip; <\/p>\n","protected":false},"author":1,"featured_media":0,"parent":0,"menu_order":0,"comment_status":"closed","ping_status":"closed","template":"","meta":{"footnotes":""},"class_list":["post-235","page","type-page","status-publish","hentry"],"_links":{"self":[{"href":"https:\/\/parafiakepki.org\/index.php?rest_route=\/wp\/v2\/pages\/235","targetHints":{"allow":["GET"]}}],"collection":[{"href":"https:\/\/parafiakepki.org\/index.php?rest_route=\/wp\/v2\/pages"}],"about":[{"href":"https:\/\/parafiakepki.org\/index.php?rest_route=\/wp\/v2\/types\/page"}],"author":[{"embeddable":true,"href":"https:\/\/parafiakepki.org\/index.php?rest_route=\/wp\/v2\/users\/1"}],"replies":[{"embeddable":true,"href":"https:\/\/parafiakepki.org\/index.php?rest_route=%2Fwp%2Fv2%2Fcomments&post=235"}],"version-history":[{"count":886,"href":"https:\/\/parafiakepki.org\/index.php?rest_route=\/wp\/v2\/pages\/235\/revisions"}],"predecessor-version":[{"id":4310,"href":"https:\/\/parafiakepki.org\/index.php?rest_route=\/wp\/v2\/pages\/235\/revisions\/4310"}],"wp:attachment":[{"href":"https:\/\/parafiakepki.org\/index.php?rest_route=%2Fwp%2Fv2%2Fmedia&parent=235"}],"curies":[{"name":"wp","href":"https:\/\/api.w.org\/{rel}","templated":true}]}}

Ogłoszenia

<h2 class="wp-block-heading">Ogłoszenia Parafialne</h2>



<p class="wp-block-paragraph">1. W ostatnim czasie został profesjonalnie umyty cały polbruk wokół kościoła oraz schody wejściowe do świątyni. Bardzo dziękujemy państwu Marcie Lachowskiej i Arkadiuszowi Maczyta za pomoc w zorganizowaniu tych prac oraz włączenie się w częściowe pokrycie ich kosztów.</p>



<p class="wp-block-paragraph">2. W środę (9 września) na nocleg do naszej parafii tradycyjnie przybędą pielgrzymi Żuławskiej Pielgrzymki Pieszej Mikoszewo &#8211; Gietrzwałd. Kto chciałby w jakikolwiek sposób włączyć się w przygotowanie posiłku dla pielgrzymów proszony jest o skontaktowanie się z Panią Bożeną Szaciło.</p>



<p class="wp-block-paragraph">3. W tym roku dożynki parafialne przeżywać będziemy w niedzielę (13 września) na Mszy o godz. 11:00. Zachęcamy poszczególne wioski do przygotowania koszy z plonami ziemi. Na tej Eucharystii zostanie także pobłogosławione ziarno na zasiew.</p>



<p class="wp-block-paragraph">4. Zapowiedzi przedślubne: sakramentalny związek małżeński mają zamiar zawrzeć Marta Lachowska oraz Arkadiusz Maczyta.</p>



<p class="wp-block-paragraph">5. Msze Święte:</p>



<figure class="wp-block-table is-style-regular"><table><tbody><tr><td>Data</td><td>Dzień</td><td>Godz.</td><td>Intencja</td></tr><tr><td>06.09</td><td>niedziela</td><td>9:00</td><td>w int. rodziny Jurgiel</td></tr><tr><td></td><td></td><td>11:00</td><td>w int. Oliwi z ok. ur.</td></tr><tr><td></td><td></td><td></td><td></td></tr><tr><td>13.09</td><td>niedziela</td><td>9:00</td><td>śp. Stanisława (2 r. śm.), Józef (35 r. śm.) Baran</td></tr><tr><td></td><td></td><td>11:00</td><td>śp. Jolanta Kizyk; Maria, Michał Łabanowscy i zm. z rodz.</td></tr></tbody></table></figure>



<p class="wp-block-paragraph"></p>

<p>Ogłoszenia Parafialne 1. W ostatnim czasie został profesjonalnie umyty cały polbruk wokół kościoła oraz schody wejściowe do świątyni. Bardzo dziękujemy państwu Marcie Lachowskiej i Arkadiuszowi Maczyta za pomoc w zorganizowaniu tych prac oraz włączenie się w częściowe pokrycie ich kosztów. 2. W środę (9 września) na nocleg do naszej parafii&hellip; </p>
