{"id":9,"date":"2014-05-19T21:36:27","date_gmt":"2014-05-19T21:36:27","guid":{"rendered":"https:\/\/parafiakepki.org\/?page_id=9"},"modified":"2023-05-05T17:45:24","modified_gmt":"2023-05-05T17:45:24","slug":"historia","status":"publish","type":"page","link":"http:\/\/parafiakepki.org\/?page_id=9","title":{"rendered":"Historia"},"content":{"rendered":"<h2>Rys Historyczny<\/h2>\n<p>Obecny ko\u015bci\u00f3\u0142 w K\u0119pkach zosta\u0142 wybudowany w 1985 roku przez ks. Henryka Kilaczy\u0144skiego jako ko\u015bci\u00f3\u0142 filialny parafii w Marz\u0119cinie. Po\u015bwi\u0119cenia ko\u015bcio\u0142a dokona\u0142 Biskup Gda\u0144ski Tadeusz Goc\u0142owski dnia 15 czerwca 1985.Biskup Elbl\u0105ski dr Andrzej \u015aliwi\u0144ski dekretem z dnia 1 listopada 1992 roku erygowa\u0142 parafi\u0119 p.w. \u015aw. Maksymiliana Marii Kolbe w K\u0119pkach. Pierwszym jej proboszczem zosta\u0142 ks. Jerzy Pi\u0105tkowski, dotychczasowy wikariusz parafii w Marz\u0119cinie.<\/p>\n<p>Parafia obejmowa\u0142a wioski K\u0119pki, Stobna, Bielnik Drugi i Janowo. Dekretem z dnia 16 stycznia 2003, Biskup Elbl\u0105ski Andrzej \u015aliwi\u0144ski, w\u0142\u0105czy\u0142 do parafii K\u0119pki cz\u0119\u015b\u0107 miejscowo\u015bci K\u0119piny Ma\u0142e (dotychczas w ca\u0142o\u015bci nale\u017c\u0105cej do parafii w Marz\u0119cinie).\u00a0W parafii istnia\u0142a jedna kaplica filialna w Bielniku II, kt\u00f3ra mie\u015bci\u0142a si\u0119 w \u015bwietlicy dawnego PGR. Kaplica zosta\u0142a zlikwidowana w 2003 roku, a mieszka\u0144cy Bielnika II i Janowa ucz\u0119szczaj\u0105 od tej pory do ko\u015bcio\u0142a parafialnego w K\u0119pkach.<\/p>\n<p>Jednym z wieloletnich problem\u00f3w parafii by\u0142 brak samodzielnej plebanii \u2013 co cz\u0119sto podkre\u015blali Biskupi Elbl\u0105scy w dokumentach wizytacyjnych. Kolejni proboszczowie, w latach 1992-2002, zamieszkiwali w wynajmowanych domach albo w malutkim pokoiku usytuowanych na pi\u0119trze ko\u015bcio\u0142a. Ustanowiony proboszczem w dniu 22 kwietnia 2002 roku ks. Grzegorz Kr\u00f3likowski podj\u0105\u0142 si\u0119 intensywnej rozbudowy dotychczasowego ko\u015bcio\u0142a. Do dotychczasowego ko\u015bcio\u0142a dobudowane zosta\u0142y dwa skrzyd\u0142a boczne, w kt\u00f3rych znalaz\u0142y si\u0119 pomieszczenia mieszkalne dla proboszcza i cz\u0119\u015b\u0107 duszpasterska (2 sale na spotkania grup dzia\u0142aj\u0105cych przy parafii). Nowa cz\u0119\u015b\u0107 ko\u015bcio\u0142a zosta\u0142a uroczy\u015bcie po\u015bwi\u0119cona dnia 16 sierpnia 2003 roku przez Biskupa Pomocniczego Diecezji Elbl\u0105skiej dra J\u00f3zefa Wysockiego.<\/p>\n<p>1 lipca 2021 roku dosz\u0142o do najtragiczniejszego wydarzenia w dziejach parafii &#8211; w p\u0142omieniach stan\u0105\u0142 ko\u015bci\u00f3\u0142. Po\u017car zaj\u0105\u0142 frontow\u0105 cz\u0119\u015b\u0107 \u015bwi\u0105tyni. W akcji ga\u015bniczej uczestniczy\u0142o 21 jednostek stra\u017cy po\u017carnej. Ogie\u0144 uda\u0142o si\u0119 opanowa\u0107. Niestety w znacznej cz\u0119\u015bci spaleniu uleg\u0142 dach oraz wewn\u0119trzna podbitka, zniszczony zosta\u0142 tak\u017ce ogromny witra\u017c stanowi\u0105cy przedni\u0105 cz\u0119\u015b\u0107 budynku.<\/p>\n<p>Dzi\u0119ki wielkiej determinacji parafian i wsparciu wielu ludzi dobrej woli, pod przewodnictwem proboszcza ks. Dariusza Kuleckiego, uda\u0142o si\u0119 odbudowa\u0107 wszystko, co zosta\u0142o zniszczone przez po\u017car i przywr\u00f3ci\u0107 ko\u015bcio\u0142owi jego blask. Prace remontowe prowadzone w latach 2021-2023 dope\u0142ni\u0142y dzie\u0142a odbudowy dzi\u0119ki czemu obecnie ca\u0142o\u015b\u0107 obiektu tak z zewn\u0105trz jak i wewn\u0105trz jest po gruntownym remoncie.<\/p>\n<h2>Proboszczowie i administratorzy parafii<\/h2>\n<ul>\n<li>ks. Jerzy Pi\u0105tkowski \u2013 proboszcz (1992-1994)<\/li>\n<li>ks. Ludwik Butkiewicz \u2013 administrator (1994-1995)<\/li>\n<li>ks. Tomasz Browarek \u2013 administrator (marzec-czerwiec 1995)<\/li>\n<li>ks. mgr Krzysztof Ba\u0142baczy\u0144ski \u2013 proboszcz (1995-1999)<\/li>\n<li>ks. Adam Sok\u00f3lski \u2013 administrator (1999-2001)<\/li>\n<li>ks. mgr Krzysztof Kami\u0144ski \u2013 proboszcz (2001)<\/li>\n<li>ks. Adam Sok\u00f3lski \u2013 administrator (2001-2002)<\/li>\n<li>ks. dr Ryszard Szcz\u0119sny \u2013 proboszcz (2002)<\/li>\n<li>ks. mgr lic. Grzegorz Kr\u00f3likowski \u2013 proboszcz (2002-2008)<\/li>\n<li>ks. dr Mariusz Pietrzykowski &#8211; proboszcz (2008-2013)<\/li>\n<li>ks. dr Dariusz Kulecki &#8211; proboszcz (2013- )<\/li>\n<\/ul>\n","protected":false},"excerpt":{"rendered":"<p>Rys Historyczny Obecny ko\u015bci\u00f3\u0142 w K\u0119pkach zosta\u0142 wybudowany w 1985 roku przez ks. Henryka Kilaczy\u0144skiego jako ko\u015bci\u00f3\u0142 filialny parafii w Marz\u0119cinie. Po\u015bwi\u0119cenia ko\u015bcio\u0142a dokona\u0142 Biskup Gda\u0144ski Tadeusz Goc\u0142owski dnia 15 czerwca 1985.Biskup Elbl\u0105ski dr Andrzej \u015aliwi\u0144ski dekretem z dnia 1 listopada 1992 roku erygowa\u0142 parafi\u0119 p.w. \u015aw. Maksymiliana Marii Kolbe&hellip; <\/p>\n","protected":false},"author":1,"featured_media":4,"parent":0,"menu_order":0,"comment_status":"closed","ping_status":"open","template":"","meta":{"footnotes":""},"class_list":["post-9","page","type-page","status-publish","has-post-thumbnail","hentry"],"_links":{"self":[{"href":"http:\/\/parafiakepki.org\/index.php?rest_route=\/wp\/v2\/pages\/9","targetHints":{"allow":["GET"]}}],"collection":[{"href":"http:\/\/parafiakepki.org\/index.php?rest_route=\/wp\/v2\/pages"}],"about":[{"href":"http:\/\/parafiakepki.org\/index.php?rest_route=\/wp\/v2\/types\/page"}],"author":[{"embeddable":true,"href":"http:\/\/parafiakepki.org\/index.php?rest_route=\/wp\/v2\/users\/1"}],"replies":[{"embeddable":true,"href":"http:\/\/parafiakepki.org\/index.php?rest_route=%2Fwp%2Fv2%2Fcomments&post=9"}],"version-history":[{"count":6,"href":"http:\/\/parafiakepki.org\/index.php?rest_route=\/wp\/v2\/pages\/9\/revisions"}],"predecessor-version":[{"id":3613,"href":"http:\/\/parafiakepki.org\/index.php?rest_route=\/wp\/v2\/pages\/9\/revisions\/3613"}],"wp:featuredmedia":[{"embeddable":true,"href":"http:\/\/parafiakepki.org\/index.php?rest_route=\/wp\/v2\/media\/4"}],"wp:attachment":[{"href":"http:\/\/parafiakepki.org\/index.php?rest_route=%2Fwp%2Fv2%2Fmedia&parent=9"}],"curies":[{"name":"wp","href":"https:\/\/api.w.org\/{rel}","templated":true}]}}

<h2>Rys Historyczny</h2>
<p>Obecny kościół w Kępkach został wybudowany w 1985 roku przez ks. Henryka Kilaczyńskiego jako kościół filialny parafii w Marzęcinie. Poświęcenia kościoła dokonał Biskup Gdański Tadeusz Gocłowski dnia 15 czerwca 1985.Biskup Elbląski dr Andrzej Śliwiński dekretem z dnia 1 listopada 1992 roku erygował parafię p.w. Św. Maksymiliana Marii Kolbe w Kępkach. Pierwszym jej proboszczem został ks. Jerzy Piątkowski, dotychczasowy wikariusz parafii w Marzęcinie.</p>
<p>Parafia obejmowała wioski Kępki, Stobna, Bielnik Drugi i Janowo. Dekretem z dnia 16 stycznia 2003, Biskup Elbląski Andrzej Śliwiński, włączył do parafii Kępki część miejscowości Kępiny Małe (dotychczas w całości należącej do parafii w Marzęcinie). W parafii istniała jedna kaplica filialna w Bielniku II, która mieściła się w świetlicy dawnego PGR. Kaplica została zlikwidowana w 2003 roku, a mieszkańcy Bielnika II i Janowa uczęszczają od tej pory do kościoła parafialnego w Kępkach.</p>
<p>Jednym z wieloletnich problemów parafii był brak samodzielnej plebanii – co często podkreślali Biskupi Elbląscy w dokumentach wizytacyjnych. Kolejni proboszczowie, w latach 1992-2002, zamieszkiwali w wynajmowanych domach albo w malutkim pokoiku usytuowanych na piętrze kościoła. Ustanowiony proboszczem w dniu 22 kwietnia 2002 roku ks. Grzegorz Królikowski podjął się intensywnej rozbudowy dotychczasowego kościoła. Do dotychczasowego kościoła dobudowane zostały dwa skrzydła boczne, w których znalazły się pomieszczenia mieszkalne dla proboszcza i część duszpasterska (2 sale na spotkania grup działających przy parafii). Nowa część kościoła została uroczyście poświęcona dnia 16 sierpnia 2003 roku przez Biskupa Pomocniczego Diecezji Elbląskiej dra Józefa Wysockiego.</p>
<p>1 lipca 2021 roku doszło do najtragiczniejszego wydarzenia w dziejach parafii &#8211; w płomieniach stanął kościół. Pożar zajął frontową część świątyni. W akcji gaśniczej uczestniczyło 21 jednostek straży pożarnej. Ogień udało się opanować. Niestety w znacznej części spaleniu uległ dach oraz wewnętrzna podbitka, zniszczony został także ogromny witraż stanowiący przednią część budynku.</p>
<p>Dzięki wielkiej determinacji parafian i wsparciu wielu ludzi dobrej woli, pod przewodnictwem proboszcza ks. Dariusza Kuleckiego, udało się odbudować wszystko, co zostało zniszczone przez pożar i przywrócić kościołowi jego blask. Prace remontowe prowadzone w latach 2021-2023 dopełniły dzieła odbudowy dzięki czemu obecnie całość obiektu tak z zewnątrz jak i wewnątrz jest po gruntownym remoncie.</p>
<h2>Proboszczowie i administratorzy parafii</h2>
<ul>
<li>ks. Jerzy Piątkowski – proboszcz (1992-1994)</li>
<li>ks. Ludwik Butkiewicz – administrator (1994-1995)</li>
<li>ks. Tomasz Browarek – administrator (marzec-czerwiec 1995)</li>
<li>ks. mgr Krzysztof Bałbaczyński – proboszcz (1995-1999)</li>
<li>ks. Adam Sokólski – administrator (1999-2001)</li>
<li>ks. mgr Krzysztof Kamiński – proboszcz (2001)</li>
<li>ks. Adam Sokólski – administrator (2001-2002)</li>
<li>ks. dr Ryszard Szczęsny – proboszcz (2002)</li>
<li>ks. mgr lic. Grzegorz Królikowski – proboszcz (2002-2008)</li>
<li>ks. dr Mariusz Pietrzykowski &#8211; proboszcz (2008-2013)</li>
<li>ks. dr Dariusz Kulecki &#8211; proboszcz (2013- )</li>
</ul>

<p>Rys Historyczny Obecny kościół w Kępkach został wybudowany w 1985 roku przez ks. Henryka Kilaczyńskiego jako kościół filialny parafii w Marzęcinie. Poświęcenia kościoła dokonał Biskup Gdański Tadeusz Gocłowski dnia 15 czerwca 1985.Biskup Elbląski dr Andrzej Śliwiński dekretem z dnia 1 listopada 1992 roku erygował parafię p.w. Św. Maksymiliana Marii Kolbe&hellip; </p>
